the remainder when 41 is divided by 10 - -1 - u*-4.
11
Let g = 917 + -621. What is the remainder when g is divided by 33?
32
Let d be (-3*1)/(1/(-3)). Suppose 3*r = -d + 114. Calculate the remainder when r is divided by 12.
11
Suppose 3*s - 59 = -2*z, 4*s + 0*s - 2*z - 74 = 0. Calculate the remainder when 2/(-4) + (-735)/(-10) is divided by s.
16
Let y = 873 + -770. Calculate the remainder when y is divided by 22.
15
Suppose 55 + 344 = 19*a. What is the remainder when 122 is divided by a?
17
Suppose -2*z + 5 = -1. Let s = -73 - -79. Calculate the remainder when s is divided by z.
0
Suppose -5*q - 19 = -59. Suppose -q*b = -3*b. Suppose 2*u - 11 - 23 = b. What is the remainder when 33 is divided by u?
16
Let c = -36 + 62. Suppose 4*o - 42 - 22 = 0. Let b = 61 + o. Calculate the remainder when b is divided by c.
25
Let k = 4 - 0. Let s(q) = 14*q**2 + 1 + 2*q**2 - 9*q**2 - 6*q**2 - 2*q. What is the remainder when 33 is divided by s(k)?
6
Suppose 6*s - 134 = 8*s. Let h = -48 - s. What is the remainder when 56 is divided by h?
18
Let x be (-187)/(-55) + (-6)/(-10). Suppose x*v = -v - q + 50, -2*v + 20 = -q. Calculate the remainder when 37 is divided by v.
7
Suppose -u - 3*o = -0*o - 2, u = o + 2. Suppose 50 = u*f - 0*x - 4*x, -5*f + 5*x = -150. Calculate the remainder when f is divided by 13.
9
Let c(f) = -f**3 - 18*f**2 - 2*f - 27. Calculate the remainder when c(-19) is divided by 95.
87
Let z(w) = 4*w**2 + 19*w - 12. Let f be (1 - (-6)/(-10)) + 608/(-95). What is the remainder when 68 is divided by z(f)?
14
Suppose 3*i - 699 = -684. Let o be 5 + -2 + (-1 - -2). Suppose o*b - i*l + l = 128, -2*b + 59 = -l. What is the remainder when b is divided by 14?
13
Suppose -47 = -5*j + 58. Suppose -3*u + j = 9. Calculate the remainder when (-135)/(-21) + (-15)/35 is divided by u.
2
Let x = 105 + -110. What is the remainder when 77 is divided by (7 - (-25)/x)*10?
17
Suppose -2*x + 4*b - 2*b = -316, 0 = 5*x + b - 778. What is the remainder when x is divided by 23?
18
Let m(c) = -c**2 - 18*c - 56. Suppose -2*s + s + 2 = 0. Suppose 0 = s*x + 2*x - 252. Calculate the remainder when x is divided by m(-12).
15
Suppose -2*a - 218 = -22. Let q = a + 103. Calculate the remainder when 15 is divided by q.
0
Let i = -3446 + 3500. Let r = 2 - -5. What is the remainder when i is divided by r?
5
What is the remainder when ((-1458)/(-4))/((-114)/(-152)) is divided by 157?
15
Let u(g) = -g**2 + 26*g - 116. Let l = -24 - -38. What is the remainder when l is divided by u(20)?
2
What is the remainder when 2*(95 + (8 - 9)) is divided by 2?
0
Suppose -l + 52 + 39 = 0. Calculate the remainder when l is divided by 46.
45
Let x = 43 - 28. Suppose 14*q = -8*q + 2948. What is the remainder when q is divided by x?
14
Suppose y - z = 3*y - 47, 0 = -5*y + 2*z + 104. Calculate the remainder when y is divided by 1.
0
Suppose -y + o - 4*o + 17 = 0, 0 = -5*y - 2*o + 20. Let u(i) = 29*i**2 + 2*i - 1. What is the remainder when u(1) is divided by y - -10 - (-1 - -2)?
8
Let k = -5 - -16. Let d(r) = r**2 + r - 1. Let q be d(-2). Calculate the remainder when (-21 + q)*(-5 - -4) is divided by k.
9
Suppose -11*n + 19*n = 680. Calculate the remainder when 421 is divided by n.
81
Suppose -7*q + 6 = -5*q. Suppose 0 = -z - 3*j - 2*j, 0 = -q*z + 2*j. Suppose -x + 4*x - 75 = z. Calculate the remainder when 72 is divided by x.
22
Let w(z) = 8*z**2 + 4*z - 3. Suppose -27 - 48 = -3*i. What is the remainder when i is divided by w(1)?
7
Suppose 0 = 5*l - 15. Suppose 4*k + 67 = y, -2*y + 2*k + 128 = -l*k. What is the remainder when y is divided by 13?
7
Suppose 7 = 5*r - u, 5*r + 3 = -u - 3*u. Let g(y) = y**2 - 11*y - 85. Calculate the remainder when g(-6) is divided by -1 + 5 - (0 - r).
2
Let r(s) = -2*s - 18. Let n be r(-9). Suppose -4*z + 27 + 121 = n. Calculate the remainder when z is divided by 10.
7
Suppose 48 - 25 = -2*m + 5*r, -6 = -m - r. Calculate the remainder when 11 is divided by m.
0
Let l(t) = 48*t**2 + 3*t. Calculate the remainder when l(-1) is divided by 42.
3
Calculate the remainder when 65 is divided by -7 + 38 - (2 - 5).
31
Suppose 41*q - 71942 = -4415. What is the remainder when q is divided by 103?
102
Let r = -482 - -673. Calculate the remainder when r is divided by 45.
11
Suppose -32*d + 144 = -31*d + 4*l, -5*l - 555 = -4*d. Calculate the remainder when d is divided by 126.
14
Suppose 5*j - 2*j = 234. Let o = 294 - 286. What is the remainder when j is divided by o?
6
Suppose 4*q = -4*t, -t + 4*t - 3*q - 12 = 0. Suppose t*x - 4 = -3*n, -4*n - 8*x = -4*x. What is the remainder when 23 is divided by n?
3
Suppose 19*f - 410 = 14*f. Suppose 4*r = -l + 319, -2*l = r - 4*l - f. What is the remainder when r is divided by 27?
26
Let v = -28 + 24. Calculate the remainder when 79 is divided by ((-2)/v)/(22/1232).
23
Let v(l) = -l**3 - 13*l**2 + l + 1. Let t be v(-13). What is the remainder when 24 is divided by -1 - (t - 0 - -4)?
3
Suppose 2*i - 127 = 7. What is the remainder when i is divided by 35?
32
Let v(p) = 3*p - 7. Let t(a) be the second derivative of a**5/20 + a**4 + 5*a**2/2 + a. What is the remainder when v(7) is divided by t(-12)?
4
Let w be -3*(-3 + 0) + 1. Let q(f) = f**3 - 10*f**2 + 5*f - 10. Let x(a) = a**2 + 8*a - 43. What is the remainder when q(w) is divided by x(5)?
18
Let k = -2 + 12. Let y be (-68)/10 + (-2)/k. Let z(v) = -v**3 - 6*v**2 + 6*v + 7. Calculate the remainder when 25 is divided by z(y).
11
Let b(n) = n**2 - 3*n + 1. Suppose 4*u = -86 + 546. Calculate the remainder when u is divided by b(-4).
28
Calculate the remainder when 4/(-30) + 12 + (-5424)/(-180) is divided by 16.
10
Let h be (2/6)/((-5)/15). Let y(s) = 26*s**2 + 102 - 7*s**2 - 102. Calculate the remainder when 74 is divided by y(h).
17
Let v = 416 + -32. Suppose -v = -9*t + 3*t. Let f(h) = -h**3 - 5*h**2 + 3*h + 4. What is the remainder when t is divided by f(-6)?
20
Let p(m) = 9*m**2 + 2*m + 10. Let h be p(-5). What is the remainder when (-3)/(-6) - h/(-6) is divided by (1 - 0 - 0) + 12?
12
Suppose 97*q - 22103 = 74*q. What is the remainder when q is divided by 26?
25
Let k = -33 - -38. Let q = -1 - k. Let l(h) = -h**2 - 8*h + 6. What is the remainder when l(q) is divided by 5?
3
Suppose 0 = 18*c + 120 - 552. Let f = -271 + 389. What is the remainder when f is divided by c?
22
Let c(z) = -2*z**2 + 20*z - 12. Let y be c(12). Let d = 50 - y. Calculate the remainder when d is divided by 14.
12
Let o(w) = -142 + w + 121 - 6*w. What is the remainder when 129 is divided by o(-13)?
41
Suppose 2*h = -h + 12. Suppose 3*k = 4*m + h, -3*m = -7*m + 2*k. Let d(z) = -z + 3. Calculate the remainder when d(-3) is divided by m.
0
Suppose u = 4*w + 180, -2*w - 85 = -5*u + 23. Let z = -22 - w. What is the remainder when z is divided by 6?
4
Let h be 0/((-5)/(0 - -5)). Suppose -7*s + 0*s = h. Suppose s = -d - 3*z + 25, -3*d + 5*z - z + 49 = 0. Calculate the remainder when 75 is divided by d.
18
Suppose -b + 6*b + 65 = -p, -2*b - 440 = 5*p. Let k = -41 - p. Calculate the remainder when k is divided by 17.
15
Let s = 2 + 0. Let d = -17 + 19. Calculate the remainder when s is divided by 3 - (12/3)/d.
0
Let s(m) = -3*m + 10*m + 3*m + 3 - m. What is the remainder when s(1) is divided by 7?
5
Suppose -3*i + 9 - 21 = 0. What is the remainder when 50 is divided by 1/(-4)*i*13?
11
Let a be (-21)/(6/(-2)) + (2 - 3). Suppose 8 = a*h - 10. What is the remainder when h is divided by 3?
0
Suppose -4*y = -153 - 275. Let s = y + -72. What is the remainder when s*(-2 + (-52)/(-20)) is divided by 12?
9
Suppose -i + 9 = -2. Suppose -10*x + 376 + 54 = 0. Suppose -2*q - 5 + x = 0. What is the remainder when q is divided by i?
8
Suppose -9*f = 54 - 612. Calculate the remainder when f is divided by 14.
6
Let p(n) = -n + 16. Calculate the remainder when 73 is divided by p(-3).
16
Suppose -5*g + 459 = -p + 25, -p = -g + 90. Calculate the remainder when g is divided by (-2)/4*2 - 10*-3.
28
Let d = 961 + -931. What is the remainder when d is divided by ((-6)/(-5))/((-3)/(-30))?
6
Let c(u) = 21*u + 0*u**2 + 6*u + 17 - u**2 - 14*u. What is the remainder when c(10) is divided by 17?
13
Suppose 2*h + x - 112 = -3*x, -3*x + 116 = 2*h. What is the remainder when 182 is divided by h?
54
Let t(g) = 20*g + 6. Let p be t(6). Suppose -5*l - 2*a = -0*l - p, -4